5461?
15461
What are the prime factors of 22706?
2, 11353
List the prime factors of 113134.
2, 7, 8081
List the prime factors of 11684.
2, 23, 127
What are the prime factors of 10723?
10723
List the prime factors of 555.
3, 5, 37
List the prime factors of 1628.
2, 11, 37
List the prime factors of 715.
5, 11, 13
What are the prime factors of 70731?
3, 29, 271
List the prime factors of 2458.
2, 1229
What are the prime factors of 2325?
3, 5, 31
List the prime factors of 895.
5, 179
List the prime factors of 32514.
2, 3, 5419
What are the prime factors of 767?
13, 59
List the prime factors of 1063.
1063
What are the prime factors of 105529?
105529
List the prime factors of 2248.
2, 281
What are the prime factors of 2465?
5, 17, 29
List the prime factors of 141.
3, 47
What are the prime factors of 91216?
2, 5701
List the prime factors of 3307.
3307
What are the prime factors of 37566?
2, 3, 2087
What are the prime factors of 22584?
2, 3, 941
What are the prime factors of 1221?
3, 11, 37
List the prime factors of 14382.
2, 3, 17, 47
List the prime factors of 874.
2, 19, 23
What are the prime factors of 2563?
11, 233
What are the prime factors of 2687?
2687
List the prime factors of 403.
13, 31
What are the prime factors of 2589?
3, 863
List the prime factors of 4743.
3, 17, 31
List the prime factors of 3874.
2, 13, 149
What are the prime factors of 7581?
3, 7, 19
List the prime factors of 4294.
2, 19, 113
List the prime factors of 152792.
2, 71, 269
List the prime factors of 43107.
3, 14369
List the prime factors of 106676.
2, 26669
List the prime factors of 13717.
11, 29, 43
List the prime factors of 2997.
3, 37
List the prime factors of 1046.
2, 523
What are the prime factors of 14247?
3, 1583
List the prime factors of 1418.
2, 709
What are the prime factors of 106435?
5, 7, 3041
What are the prime factors of 4922?
2, 23, 107
List the prime factors of 1039.
1039
List the prime factors of 25828.
2, 11, 587
What are the prime factors of 536?
2, 67
What are the prime factors of 23913?
3, 2657
List the prime factors of 16481.
16481
List the prime factors of 7541.
7541
List the prime factors of 1210.
2, 5, 11
What are the prime factors of 820?
2, 5, 41
List the prime factors of 1140.
2, 3, 5, 19
List the prime factors of 941.
941
List the prime factors of 448.
2, 7
List the prime factors of 654.
2, 3, 109
List the prime factors of 294.
2, 3, 7
What are the prime factors of 3592?
2, 449
List the prime factors of 518.
2, 7, 37
What are the prime factors of 5514?
2, 3, 919
What are the prime factors of 1623?
3, 541
What are the prime factors of 5174?
2, 13, 199
List the prime factors of 2827.
11, 257
What are the prime factors of 7249?
11, 659
List the prime factors of 1796.
2, 449
What are the prime factors of 897?
3, 13, 23
What are the prime factors of 1290?
2, 3, 5, 43
List the prime factors of 1554.
2, 3, 7, 37
What are the prime factors of 16484?
2, 13, 317
List the prime factors of 50293.
19, 2647
What are the prime factors of 6924?
2, 3, 577
List the prime factors of 49977.
3, 617
List the prime factors of 2586.
2, 3, 431
What are the prime factors of 5225?
5, 11, 19
List the prime factors of 8441.
23, 367
List the prime factors of 6347.
11, 577
List the prime factors of 20256.
2, 3, 211
List the prime factors of 113499.
3, 12611
What are the prime factors of 23758?
2, 7, 1697
List the prime factors of 26667.
3, 2963
List the prime factors of 50858.
2, 59, 431
What are the prime factors of 414?
2, 3, 23
What are the prime factors of 164930?
2, 5, 16493
List the prime factors of 511.
7, 73
What are the prime factors of 620?
2, 5, 31
List the prime factors of 63997.
63997
List the prime factors of 64162.
2, 7, 4583
List the prime factors of 190.
2, 5, 19
List the prime factors of 18013.
18013
What are the prime factors of 690?
2, 3, 5, 23
What are the prime factors of 207?
3, 23
What are the prime factors of 7264?
2, 227
List the prime factors of 7880.
2, 5, 197
What are the prime factors of 34079?
53, 643
What are the prime factors of 20?
2, 5
List the prime factors of 1284.
2, 3, 107
What are the prime factors of 17881?
17881
What are the prime factors of 369?
3, 41
List the prime factors of 671.
11, 61
List the prime factors of 376.
2, 47
List the prime factors of 631.
631
What are the prime factors of 26257?
7, 11, 31
What are the prime factors of 372?
2, 3, 31
What are the prime factors of 411?
3, 137
What are the prime factors of 1364?
2, 11, 31
List the prime factors of 34905.
3, 5, 13, 179
What are the prime factors of 5913?
3, 73
What are the prime factors of 1694?
2, 7, 11
List the prime factors of 446.
2, 223
List the prime factors of 6581.
6581
List the prime factors of 1258.
2, 17, 37
List the prime factors of 3734.
2, 1867
List the prime factors of 2488.
2, 311
List the prime factors of 687.
3, 229
What are the prime factors of 431?
431
List the prime factors of 8179.
8179
List the prime factors of 3061.
3061
List the prime factors of 2528.
2, 79
List the prime factors of 879.
3, 293
List the prime factors of 129059.
7, 103, 179
What are the prime factors of 89102?
2, 13, 23, 149
List the prime factors of 36774.
2, 3, 227
What are the prime factors of 168486?
2, 3, 28081
List the prime factors of 1244.
2, 311
What are the prime factors of 9183?
3, 3061
List the prime factors of 2653.
7, 379
What are the prime factors of 49521?
3, 17, 971
List the prime factors of 10459.
10459
What are the prime factors of 11456?
2, 179
What are the prime factors of 6613?
17, 389
List the prime factors of 2239.
2239
List the prime factors of 14294.
2, 7, 1021
What are the prime factors of 745?
5, 149
List the prime factors of 107778.
2, 3, 11, 23, 71
List the prime factors of 220.
2, 5, 11
What are the prime factors of 24127?
23, 1049
List the prime factors of 38896.
2, 11, 13, 17
List the prime factors of 51721.
51721
List the prime factors of 9414.
2, 3, 523
List the prime factors of 1448.
2, 181
What are the prime factors of 3?
3
What are the prime factors of 4499?
11, 409
List the prime factors of 15568.
2, 7, 139
List the prime factors of 1418.
2, 709
List the prime factors of 50762.
2, 17, 1493
What are the prime factors of 13824?
2, 3
What are the prime factors of 107004?
2, 3, 37, 241
List the prime factors of 5893.
71, 83
What are the prime factors of 5840?
2, 5, 73
List the prime factors of 12470.
2, 5, 29, 43
What are the prime factors of 18701?
18701
List the prime factors of 9370.
2, 5, 937
List the prime factors of 136153.
17, 8009
What are the prime factors of 156649?
43, 3643
What are the prime factors of 73878?
2, 3, 7, 1759
What are the prime factors of 638?
2, 11, 29
List the prime factors of 4876.
2, 23, 53
What are the prime factors of 270?
2, 3, 5
What are the prime factors of 126130?
2, 5, 12613
List the prime factors of 594.
2, 3, 11
What are the prime factors of 929?
929
What are the prime factors of 2589?
3, 863
What are the prime factors of 428?
2, 107
List the prime factors of 472.
2, 59
List the prime factors of 6410.
2, 5, 641
List the prime factors of 18787.
18787
What are the prime factors of 1177?
11, 107
What are the prime factors of 2236?
2, 13, 43
List the prime factors of 128.
2
What are the prime factors of 6536?
2, 19, 43
What are the prime factors of 164?
2, 41
What are the prime factors of 12818?
2, 13, 17, 29
List the prime factors of 3422.
2, 29, 59
List the prime factors of 3573.
3, 397
What are the prime factors of 202064?
2, 73, 173
List the prime factors of 29757.
3, 7, 13, 109
List the prime factors of 173.
173
List the prime factors of 1007.
19, 53
What are the prime factors of 1190?
2, 5, 7, 17
What are the prime factors of 3315?
3, 5, 13, 17
What are the prime factors of 75251?
11, 6841
List the prime factors of 181.
181
List the prime factors of 4118.
2, 29, 71
List the prime factors of 5009.
5009
What are the prime factors of 35974?
2, 17987
What are the prime factors of 13528?
2, 19, 89
List the prime factors of 442.
2, 13, 17
List the prime factors of 86.
2, 43
What are the prime factors of 293?
293
List the prime factors of 6366.
2, 3, 1061
What are the prime factors of 32?
2
List the prime factors of 16486.
2, 8243
What are the prime factors of 8796?
2, 3, 733
What are the prime factors of 19